.
-5
What is the value of -32 + (-37 - -73) - 2?
2
What is the value of 6 + 8 + -13 + -6?
-5
Evaluate -9 + 2 - 0 - (93 + -81).
-19
(-5 - 0) + 3 - 1 - (-31 - -29)
-1
Evaluate 8 + (2 - (-5 + 10 - 7)).
12
What is 14 + -13 - (-3 - 2)?
6
Evaluate (-5 - -1) + -5 + (15 - -15) + 9.
30
What is 1 + -3 + (16 - 15)?
-1
(-27 + 1 - -3) + 35
12
-2 - (8 + -36 + (8 - 3))
21
Evaluate 1 - -14 - 9 - 11.
-5
What is -17 + 7 + 3 + 3?
-4
What is the value of (0 - (-1 + -4)) + (-2 - (13 + -23))?
13
-5 - (23 + (-4 - 13))
-11
Evaluate -8 - (-10 + (-8 - -8 - -4)).
-2
Calculate 39 - (19 - (-6 - 27)).
-13
Calculate 9 - 4 - (6 + 3) - 0.
-4
What is the value of (6 - 19) + 3 + -5 + 1?
-14
Calculate 6 + -2 + -4 + -3 + 0 + -26.
-29
What is the value of -3 - (-4 + -1 - (27 + -33))?
-4
What is the value of 8 + -7 - (-2 - (16 + -12))?
7
What is 12 + -20 + 8 + -3 + -4?
-7
What is 2 + 8 + -13 + 3 + 7?
7
Evaluate 2 + 21 - (0 - -27).
-4
What is 0 + -4 + -3 + -1 + 20?
12
-11 - ((3 - (5 - 7)) + -6 + 0)
-10
What is the value of -12 + -1 + 19 - (-1 - -1)?
6
Calculate 2 - (-21 - -12) - (0 - 11).
22
4 - (7 + -3 - 9 - -23)
-14
Evaluate -3 + (6 - (7 + (-9 - -10))) + 2.
-3
Calculate -32 + -35 + 42 + 55.
30
(12 - (30 - 12)) + -4
-10
Calculate (0 - 0) + -14 + (-30 - -14) + 9.
-21
-9 - (-56 - (-16 - 4))
27
9 + 14 + 1 + 1 + 7
32
Evaluate 8 - (-18 + 16 - -11 - (-1 + -12)).
-14
-4 - (-1 + 1 + -14)
10
(-27 - -32) + (-9 - -1) + (-5 - -14)
6
Evaluate (19 - (26 + -19 + 22)) + (-1 - 13).
-24
What is 0 + 7 + -41 + 32 - (-2 - 4)?
4
7 - 5 - 2 - (5 - 1)
-4
Calculate 15 + -24 + -6 + -6.
-21
Calculate -2 - (-21 + 4) - (-42 - -41).
16
What is (-8 - -3) + (9 + -4 - 3)?
-3
What is the value of -16 - (11 - (8 - -6 - 1))?
-14
Evaluate -3 + -5 + 7 + 7 - -3.
9
What is (-2 - -8) + -28 + -13 + 16?
-19
Evaluate -23 + 38 + (11 - 3).
23
Evaluate -26 + 6 - -14 - (8 + -3).
-11
What is the value of (-3 - 9 - -16 - -2) + -7?
-1
-1 - -47 - ((-4 - (-4 - 5)) + 2)
39
Calculate (-10 - (-5 + -6) - -2) + (3 - -2).
8
Calculate -1 + 19 + -28 + 10.
0
Evaluate -3 + (8 + -14 - (3 + -2)) + 2.
-8
0 + (9 - 19 - -5)
-5
What is the value of -7 + 2 + -13 + (-7 - -16)?
-9
0 + (-1 - 25 - -24)
-2
What is the value of 23 + (0 - 22 - -5) - (-1 - 9)?
16
Calculate 1 - (12 + 4 + -7 + -3 + 0).
-5
Evaluate -10 + (8 - 2 - -4) - 9.
-9
What is (-1 + 2 - -38) + (-19 - -3 - -6)?
29
26 - (11 - -28 - -13)
-26
What is -28 + 1 - (516 - 536)?
-7
What is the value of 6 - ((32 - -2) + (-1 + -15 - -8))?
-20
What is 153 - 180 - (-3 - -1 - (-2 + 4))?
-23
Calculate (-16 - -7) + (9 - (-11 - 2)).
13
Calculate (-13 - -12 - 23) + 6.
-18
What is the value of 19 + (-30 - -28) - 30?
-13
Evaluate 24 - (14 + 24) - (0 + -6).
-8
What is the value of (10 - (-15 - -10)) + -26 + -6?
-17
Evaluate 0 - -1 - (1 + (7 - 13) - 5).
11
Calculate -8 + 2 + 0 - (4 - (-16 - -35)).
9
What is the value of (-21 - -20) + (-6 - (-3 + -14))?
10
What is 7 + (-4 - (10 + -13 + -3))?
9
Calculate (-7 - (24 - 6)) + 22.
-3
Evaluate (-79 - -76) + (-26 - -7).
-22
Calculate 2 + 0 + -11 + -250 + 259.
0
Calculate 692 - 698 - (0 + 0 + -3).
-3
Calculate 4 - (1 + 1 + 0 + 7 + 3).
-8
Evaluate 27 - (-550 - -534 - (-32 + 0)).
11
What is the value of -36 + (-10 - (9 - 22) - -11)?
-22
Calculate 23 - -2 - (-208 + 224) - -11.
20
What is the value of (3 + -13 - 2) + 24?
12
What is the value of 42 - 68 - (1 + -14)?
-13
Evaluate (-1 - -19) + (-172 - -167).
13
-10 + 0 + 58 + 0 + -16
32
Evaluate -12 - -7 - -9 - (14 + -2).
-8
Calculate -94 + 111 - (-3 - -7).
13
Calculate (0 - -1 - (4 + -1)) + -224 + 220.
-6
Evaluate 2 - (-1 + 1 + -26 - (589 - 592)).
25
(1 - 0) + (-14 - (36 + -19))
-30
Calculate -45 - -36 - (4 - 6).
-7
What is -3 + 0 + (-29 + -8 - -28)?
-12
What is (-26 - -7) + -21 + 29?
-11
(-1 - 1) + -12 + 20 + -2 - 14
-10
What is -7 + 1 + 9 - 10 - -8?
1
What is the value of 2 - (-23 + 12 - (-9 - (-5 + 3)))?
6
What is 33 + (-1 + -4 - (-45 - (-85 + 42)))?
30
Calculate -3 - 3 - -6 - 7 - -19.
12
-56 + (42 - 28 - -14)
-28
What is the value of (18 - 3 - 8) + 1?
8
(8 - (8 - 8)) + -10 + 8
6
4 + 2 - (0 + (-6 - 17))
29
32 + 5 + -35 + -1
1
(-1 - -14) + 44 + 3 + -81
-21
What is the value of -4 - 12 - -6 - -1?
-9
19 - 4 - (52 - 45)
8
Calculate (-8 - 15) + 20 + (31 - (3 - -3)).
22
What is the value of (2 - -4) + (-14 - (-22 - -16) - 12)?
-14
What is (-14 - 1) + (195 - 177)?
3
What is the value of 21 + (-4 - -10) - (63 + -53)?
17
Evaluate -5 - ((13 - -1) + -27).
8
2 + 1 - (-12 + 20) - -24
19
Evaluate -14 - (10 - 35) - (0 - 5).
16
(-3 - 3) + 15 + (-4 - -15 - 7)
13
What is -4 + -6 + (7 - (-1 + 10) - -2)?
-10
Evaluate 1 - (18 - (11 - -1) - 44).
39
What is the value of -16 + (-19 - -8 - -17)?
-10
Evaluate 36 - (21 + 10 + -11).
16
What is the value of 8 + (-22 - 0) - -1?
-13
Evaluate (-27 - (14 + -6)) + (5 - -4).
-26
What is the value of 18 - 16 - (1 + -6) - (-1 + -5)?
13
Evaluate 49 - 40 - (38 - (14 - 6)).
-21
Calculate (32 - 5) + -150 + 138.
15
What is -47 + (-18 - -24) + 21?
-20
33 + -36 + (12 - -24)
33
(1 - (-4 + 6)) + -17 - (-3 - 5)
-10
-2 - (-6 - 13 - 6)
23
Calculate -9 - (1 - (-4 - -10 - (4 + 0))).
-8
What is -38 + 33 - (10 - (-4 - -5))?
-14
What is the value of -1 - 1 - (46 + (-45 - -9))?
-12
What is the value of 3 - (-8 + 9 + -15)?
17
-11 + (2 - 1) + -4
-14
What is the value of (-8 + 1 - -21) + 0 + -6?
8
What is the value of -51 - -40 - (3 + 1 + -34)?
19
Calculate 3 - (7 + -10 + -17 - -10).
13
What is the value of -4 + 19 + -2 + -12 + -15?
-14
Evaluate -4 + (91 + -89 - (1 + 21)).
-24
What is the value of 20 + (-3 - (10 - -2))?
5
Calculate 0 - (1 + -5 + 4 - -4) - -16.
12
Evaluate -13 + -21 + 22 + -4 + 2 + 5.
-9
Calculate (1 - 11) + 0 - (-103 + 29 - -82).
-18
(6 + -21 - -3) + 10
-2
5 - 6 - (-14 + 9)
4
Evaluate -13 - ((0 - -1 - (0 - 2)) + -6).
-10
(0 - -1) + 5 + 0 - (-4 + 3)
7
Evaluate 164 + -166 + (2 + -11 - 0).
-11
What is the value of (-8 - (8 + -5)) + (-4 - -16) - 3?
-2
-4 + -6 - (2 + -13) - (1 + 14)
-14
(3 - -4 - -1) + (-11 - 33 - -15)
-21
Evaluate -3 - (5 - 1) - (-1 + -4 + 5).
-7
What is -10 + 1 - ((-13 - -3) + 27 - 28)?
2
-9 + 48 + -28 - 36
-25
What is (-1 + 1 - -6) + (-14 - -4) - 28?
-32
What is the value of -8 + 14 + (9 - (-10 - -43))?
-18
Calculate 1 + -2 - -13 - (250 + -248).
10
Evaluate (-17 - (-21 + 7)) + -4.
-7
What is the value of -16 + 22 + 10 + 2 - -3?
21
Calculate 10 + 6 + -35 + 3.
-16
What is (5 - 6 - -5) + -1 + -11 + 2?
-6
Calculate (-26 - (-21 + 41)) + 25.
-21
What is the value of -10 + -4 + 4 - (-138 + 154)?
-26
Calculate 3 - -4 - (11 + -13 + 18 + -4).
-5
What is the value of -19 - -36 - (1 - -30)?
-14
Calculate 4 - ((-4 - (11 + -12)) + 0).
7
8 - (2 + -33 + 11 + 8)
20
What is the value of 2 + -43 - (616 + -623)?
-34
What is 27 - (3 - ((-7 - 5) + 6))?
18
-25 + (-13 - -5 - -7) + 5 + -4
-25
Evaluate 10 - (2 + (4 + 2 - 12)).
14
(-5 - ((3 - -4) + (3 - 2))) + 3
-10
What is the value of -5 - (-5 + 4) - (16 - 7 - 14)?
1
Evaluate 1 + (43 - (4 - -14)).
26
Evaluate -6 + 1 - -3 - (7 - (18 - 6)).
3
Evaluate -172 + (-81 - -247) - ((-45 - -1) + 0).
38
Calculate -2 + 17 - (-60 + 89) - 15.
-29
Calculate (0 + 0 - (-4 - -2)) + 5 + 8.
15
Calculate (7 - 8) + -1 + -18 + -1 + 7.
-14
What is the value of (-126 - -141) + 0 + 0?
15
Evaluate -11 - (11 + -11) - (10 + -7).
-14
Evaluate 38 + -22 - (1 - -6) - 0.
9
Evaluate (34 - 14) + (0 - 32).
-12
What is 1 - (-1 - -10) - -15?
7
Calculate -149 + 147 + 5 + 2 + 2 - -14.
21
26 + -39 - ((-2 - 0) + 2)
-13
Calculate -62 - (-21 + -29) - (-1 + -2).
-9
Evaluate (-5 - (1 + (0 - 6))) + (-38 - -3).
-35
Evaluate -7 + -4 - -13 - -10.
12
What is the value of 6 - ((-3 - -1) + -5 + 11)?
2
Evaluate 40 + -32 + 15 + 3.
26
Evaluate 7 + ((-5 - -12) + -6 - -6).
14
Evaluate 21 - (21 - (-9 - -13)).
4
-7 - -3 - (-3 + -9 - (-3 + 8))
13
3 - (9 + -2 + (17 - 19))
-2
Evaluate 939 - 924 - (31 - 2).
-14
Evaluate -14 + -6 + (2 - -6).
-12
What is (8 - (49 + -12)) + 19?
-10
(-6 - -4) + -13 - (-13 - -5 - -12)
-19
-1154 + 1160 - (1 - (-1 + 22))
26
What is -14 - -2 - -9 - (-3 + -7 + 3)?
4
Evaluate 4 + -6 - (-2 - -8) - 15.
-23
Calculate 0 - -3 - 3 - 6 - (4 + 3).
-13
What is 1 - 3 - 12 - (-12 + (20 - 9))?
-13
Calculate 4 + 5 + 4 + -1 - (0 - 4).
16
Calculate -44 + 31 - (16 - 4) - -5.
-20
-3 + -27 + 44 + -12
2
What is (14 - (18 + 10)) + 13?
-1
What is -2 - (7 + -8 + -6 - -5)?
0
(-3 + -1 - -3) + 1 + 9 + 3
12
What is -23 + (-1 - -30) + -1